{"id":916,"date":"2023-09-24T10:34:31","date_gmt":"2023-09-24T03:34:31","guid":{"rendered":"http:\/\/localhost\/wordpress\/?page_id=916"},"modified":"2025-06-13T16:15:18","modified_gmt":"2025-06-13T09:15:18","slug":"about-us","status":"publish","type":"page","link":"https:\/\/museum.pctu.com.vn\/index.php\/about-us\/","title":{"rendered":"Gi\u1edbi thi\u1ec7u"},"content":{"rendered":"\t\t<div data-elementor-type=\"wp-page\" data-elementor-id=\"916\" class=\"elementor elementor-916\" data-elementor-post-type=\"page\">\n\t\t\t\t\t\t<section class=\"elementor-section elementor-top-section elementor-element elementor-element-6bfc2c03 elementor-section-boxed elementor-section-height-default elementor-section-height-default\" data-id=\"6bfc2c03\" data-element_type=\"section\">\n\t\t\t\t\t\t<div class=\"elementor-container elementor-column-gap-default\">\n\t\t\t\t\t<div class=\"elementor-column elementor-col-100 elementor-top-column elementor-element elementor-element-2d9a3336\" data-id=\"2d9a3336\" data-element_type=\"column\">\n\t\t\t<div class=\"elementor-widget-wrap elementor-element-populated\">\n\t\t\t\t\t\t<div class=\"elementor-element elementor-element-4bf35b52 elementor-widget elementor-widget-text-editor\" data-id=\"4bf35b52\" data-element_type=\"widget\" data-widget_type=\"text-editor.default\">\n\t\t\t\t<div class=\"elementor-widget-container\">\n\t\t\t\t\t\t\t\t\t\n<p class=\"has-text-align-center\">\u00a0<strong>B\u1ea2O T\u00c0NG Y KHOA APOLLO \u2013 TR\u01af\u1edcNG \u0110\u1ea0I H\u1eccC PHAN CH\u00c2U TRINH<\/strong><\/p>\n\n<p>B\u1ea3o t\u00e0ng Y khoa Apollo l\u00e0 s\u1ef1 k\u1ebft h\u1ee3p h\u00e0i h\u00f2a gi\u1eefa <strong>truy\u1ec1n th\u1ed1ng<\/strong> v\u00e0 <strong>hi\u1ec7n \u0111\u1ea1i<\/strong>, n\u01a1i l\u01b0u gi\u1eef nh\u1eefng gi\u00e1 tr\u1ecb y h\u1ecdc qu\u00fd b\u00e1u v\u00e0 t\u00e1i hi\u1ec7n s\u1ef1 ph\u00e1t tri\u1ec3n c\u1ee7a ng\u00e0nh y qua c\u00e1c th\u1eddi k\u1ef3. V\u1edbi <strong>20% hi\u1ec7n v\u1eadt tr\u01b0ng b\u00e0y tr\u1ef1c ti\u1ebfp<\/strong> v\u00e0 <strong>80% \u1ee9ng d\u1ee5ng c\u00f4ng ngh\u1ec7 hi\u1ec7n \u0111\u1ea1i<\/strong>, b\u1ea3o t\u00e0ng mang \u0111\u1ebfn tr\u1ea3i nghi\u1ec7m tr\u1ef1c quan v\u00e0 sinh \u0111\u1ed9ng th\u00f4ng qua th\u1ef1c t\u1ebf \u1ea3o (VR), th\u1ef1c t\u1ebf t\u0103ng c\u01b0\u1eddng (AR) v\u00e0 m\u00f4 ph\u1ecfng 3D. Kh\u00e1ch tham quan c\u00f3 th\u1ec3 t\u00ecm hi\u1ec3u v\u1ec1 c\u00e1c ph\u01b0\u01a1ng ph\u00e1p ch\u1eefa b\u1ec7nh c\u1ed5 truy\u1ec1n, nh\u1eefng ph\u00e1t minh y h\u1ecdc quan tr\u1ecdng v\u00e0 s\u1ef1 ti\u1ebfn b\u1ed9 kh\u00f4ng ng\u1eebng c\u1ee7a ng\u00e0nh y tr\u00ean th\u1ebf gi\u1edbi.<\/p>\n\n<figure class=\"wp-block-image size-full\"><img fetchpriority=\"high\" decoding=\"async\" width=\"960\" height=\"444\" class=\"wp-image-1084\" src=\"https:\/\/museum.pctu.com.vn\/wp-content\/uploads\/2024\/01\/cropped-Enscape_2023-10-19-09-48-43-scaled-1.jpg\" alt=\"\" srcset=\"https:\/\/museum.pctu.com.vn\/wp-content\/uploads\/2024\/01\/cropped-Enscape_2023-10-19-09-48-43-scaled-1.jpg 960w, https:\/\/museum.pctu.com.vn\/wp-content\/uploads\/2024\/01\/cropped-Enscape_2023-10-19-09-48-43-scaled-1-300x139.jpg 300w, https:\/\/museum.pctu.com.vn\/wp-content\/uploads\/2024\/01\/cropped-Enscape_2023-10-19-09-48-43-scaled-1-768x355.jpg 768w\" sizes=\"(max-width: 960px) 100vw, 960px\" \/><\/figure>\n\n<p>B\u1ea3o t\u00e0ng kh\u00f4ng ch\u1ec9 l\u00e0 n\u01a1i tr\u01b0ng b\u00e0y hi\u1ec7n v\u1eadt m\u00e0 c\u00f2n l\u00e0 m\u1ed9t kh\u00f4ng gian <strong>gi\u00e1o d\u1ee5c v\u00e0 truy\u1ec1n c\u1ea3m h\u1ee9ng<\/strong>, gi\u00fap th\u1ebf h\u1ec7 b\u00e1c s\u0129 t\u01b0\u01a1ng lai hi\u1ec3u s\u00e2u s\u1eafc h\u01a1n v\u1ec1 <strong>y \u0111\u1ee9c, tr\u00e1ch nhi\u1ec7m v\u00e0 s\u1ee9 m\u1ec7nh<\/strong> c\u1ee7a ng\u01b0\u1eddi l\u00e0m ngh\u1ec1 y. Th\u00f4ng qua nh\u1eefng c\u00e2u chuy\u1ec7n l\u1ecbch s\u1eed v\u00e0 c\u00f4ng ngh\u1ec7 hi\u1ec7n \u0111\u1ea1i, b\u1ea3o t\u00e0ng mong mu\u1ed1n b\u1ed3i \u0111\u1eafp tinh th\u1ea7n nh\u00e2n v\u0103n, t\u00f4n tr\u1ecdng sinh m\u1ea1ng con ng\u01b0\u1eddi v\u00e0 n\u00e2ng cao \u00fd th\u1ee9c v\u1ec1 \u0111\u1ea1o \u0111\u1ee9c ngh\u1ec1 nghi\u1ec7p trong m\u00f4i tr\u01b0\u1eddng y t\u1ebf.<\/p>\n\n<blockquote class=\"wp-block-quote is-layout-flow wp-block-quote-is-layout-flow\">\n<blockquote class=\"wp-block-quote is-layout-flow wp-block-quote-is-layout-flow\">\n<p><strong>&#8220;B\u1ea3o t\u00e0ng Y khoa Apollo ra \u0111\u1eddi kh\u00f4ng ch\u1ec9 \u0111\u1ec3 l\u01b0u gi\u1eef nh\u1eefng gi\u00e1 tr\u1ecb y h\u1ecdc, m\u00e0 c\u00f2n \u0111\u1ec3 vun \u0111\u1eafp y \u0111\u1ee9c, tr\u00e1ch nhi\u1ec7m v\u00e0 ni\u1ec1m t\u1ef1 h\u00e0o c\u1ee7a ng\u01b0\u1eddi th\u1ea7y thu\u1ed1c.&#8221;<\/strong><\/p>\n<\/blockquote>\n<\/blockquote>\n\n<figure class=\"wp-block-gallery has-nested-images columns-default is-cropped wp-block-gallery-2 is-layout-flex wp-block-gallery-is-layout-flex\">\n<figure class=\"wp-block-image size-large\"><img decoding=\"async\" width=\"1024\" height=\"768\" data-id=\"2232\" class=\"wp-image-2232\" src=\"https:\/\/museum.pctu.com.vn\/wp-content\/uploads\/2025\/06\/IMG_9895-1024x768.jpg\" alt=\"\" srcset=\"https:\/\/museum.pctu.com.vn\/wp-content\/uploads\/2025\/06\/IMG_9895-1024x768.jpg 1024w, https:\/\/museum.pctu.com.vn\/wp-content\/uploads\/2025\/06\/IMG_9895-300x225.jpg 300w, https:\/\/museum.pctu.com.vn\/wp-content\/uploads\/2025\/06\/IMG_9895-768x576.jpg 768w, https:\/\/museum.pctu.com.vn\/wp-content\/uploads\/2025\/06\/IMG_9895-1536x1152.jpg 1536w, https:\/\/museum.pctu.com.vn\/wp-content\/uploads\/2025\/06\/IMG_9895-2048x1536.jpg 2048w\" sizes=\"(max-width: 1024px) 100vw, 1024px\" \/><\/figure>\n\n<figure class=\"wp-block-image size-large\"><img decoding=\"async\" width=\"768\" height=\"1024\" data-id=\"2191\" class=\"wp-image-2191\" src=\"https:\/\/museum.pctu.com.vn\/wp-content\/uploads\/2025\/05\/IMG_3922-768x1024.jpg\" alt=\"\" srcset=\"https:\/\/museum.pctu.com.vn\/wp-content\/uploads\/2025\/05\/IMG_3922-768x1024.jpg 768w, https:\/\/museum.pctu.com.vn\/wp-content\/uploads\/2025\/05\/IMG_3922-225x300.jpg 225w, https:\/\/museum.pctu.com.vn\/wp-content\/uploads\/2025\/05\/IMG_3922-1152x1536.jpg 1152w, https:\/\/museum.pctu.com.vn\/wp-content\/uploads\/2025\/05\/IMG_3922-1536x2048.jpg 1536w, https:\/\/museum.pctu.com.vn\/wp-content\/uploads\/2025\/05\/IMG_3922-scaled.jpg 1920w\" sizes=\"(max-width: 768px) 100vw, 768px\" \/><\/figure>\n\n<figure class=\"wp-block-image size-large\"><img loading=\"lazy\" decoding=\"async\" width=\"768\" height=\"1024\" data-id=\"2230\" class=\"wp-image-2230\" src=\"https:\/\/museum.pctu.com.vn\/wp-content\/uploads\/2025\/06\/IMG_5076-768x1024.jpg\" alt=\"\" srcset=\"https:\/\/museum.pctu.com.vn\/wp-content\/uploads\/2025\/06\/IMG_5076-768x1024.jpg 768w, https:\/\/museum.pctu.com.vn\/wp-content\/uploads\/2025\/06\/IMG_5076-225x300.jpg 225w, https:\/\/museum.pctu.com.vn\/wp-content\/uploads\/2025\/06\/IMG_5076-1152x1536.jpg 1152w, https:\/\/museum.pctu.com.vn\/wp-content\/uploads\/2025\/06\/IMG_5076-1536x2048.jpg 1536w, https:\/\/museum.pctu.com.vn\/wp-content\/uploads\/2025\/06\/IMG_5076-scaled.jpg 1920w\" sizes=\"(max-width: 768px) 100vw, 768px\" \/><\/figure>\n\n<figure class=\"wp-block-image size-large\"><img loading=\"lazy\" decoding=\"async\" width=\"1024\" height=\"768\" data-id=\"2231\" class=\"wp-image-2231\" src=\"https:\/\/museum.pctu.com.vn\/wp-content\/uploads\/2025\/06\/IMG_9663-1024x768.jpg\" alt=\"\" srcset=\"https:\/\/museum.pctu.com.vn\/wp-content\/uploads\/2025\/06\/IMG_9663-1024x768.jpg 1024w, https:\/\/museum.pctu.com.vn\/wp-content\/uploads\/2025\/06\/IMG_9663-300x225.jpg 300w, https:\/\/museum.pctu.com.vn\/wp-content\/uploads\/2025\/06\/IMG_9663-768x576.jpg 768w, https:\/\/museum.pctu.com.vn\/wp-content\/uploads\/2025\/06\/IMG_9663-1536x1152.jpg 1536w, https:\/\/museum.pctu.com.vn\/wp-content\/uploads\/2025\/06\/IMG_9663-2048x1536.jpg 2048w\" sizes=\"(max-width: 1024px) 100vw, 1024px\" \/><\/figure>\n\n<figure class=\"wp-block-image size-large\"><img loading=\"lazy\" decoding=\"async\" width=\"1024\" height=\"681\" data-id=\"2239\" class=\"wp-image-2239\" src=\"https:\/\/museum.pctu.com.vn\/wp-content\/uploads\/2025\/06\/NHI_4300-1024x681.jpg\" alt=\"\" srcset=\"https:\/\/museum.pctu.com.vn\/wp-content\/uploads\/2025\/06\/NHI_4300-1024x681.jpg 1024w, https:\/\/museum.pctu.com.vn\/wp-content\/uploads\/2025\/06\/NHI_4300-300x200.jpg 300w, https:\/\/museum.pctu.com.vn\/wp-content\/uploads\/2025\/06\/NHI_4300-768x511.jpg 768w, https:\/\/museum.pctu.com.vn\/wp-content\/uploads\/2025\/06\/NHI_4300-1536x1022.jpg 1536w, https:\/\/museum.pctu.com.vn\/wp-content\/uploads\/2025\/06\/NHI_4300-2048x1363.jpg 2048w, https:\/\/museum.pctu.com.vn\/wp-content\/uploads\/2025\/06\/NHI_4300-360x240.jpg 360w, https:\/\/museum.pctu.com.vn\/wp-content\/uploads\/2025\/06\/NHI_4300-600x400.jpg 600w, https:\/\/museum.pctu.com.vn\/wp-content\/uploads\/2025\/06\/NHI_4300-800x533.jpg 800w, https:\/\/museum.pctu.com.vn\/wp-content\/uploads\/2025\/06\/NHI_4300-150x100.jpg 150w, https:\/\/museum.pctu.com.vn\/wp-content\/uploads\/2025\/06\/NHI_4300-420x280.jpg 420w\" sizes=\"(max-width: 1024px) 100vw, 1024px\" \/><\/figure>\n<\/figure>\n\t\t\t\t\t\t\t\t<\/div>\n\t\t\t\t<\/div>\n\t\t\t\t\t<\/div>\n\t\t<\/div>\n\t\t\t\t\t<\/div>\n\t\t<\/section>\n\t\t\t\t<\/div>\n\t\t","protected":false},"excerpt":{"rendered":"<p>\u00a0B\u1ea2O T\u00c0NG Y KHOA APOLLO \u2013 TR\u01af\u1edcNG \u0110\u1ea0I H\u1eccC PHAN CH\u00c2U TRINH B\u1ea3o t\u00e0ng Y khoa Apollo l\u00e0 s\u1ef1 k\u1ebft h\u1ee3p h\u00e0i h\u00f2a gi\u1eefa truy\u1ec1n th\u1ed1ng v\u00e0 hi\u1ec7n \u0111\u1ea1i, n\u01a1i&hellip;<\/p>\n","protected":false},"author":1,"featured_media":1081,"parent":0,"menu_order":0,"comment_status":"closed","ping_status":"closed","template":"page-templates\/fullwidth.php","meta":{"footnotes":""},"class_list":["post-916","page","type-page","status-publish","has-post-thumbnail","hentry"],"_links":{"self":[{"href":"https:\/\/museum.pctu.com.vn\/index.php\/wp-json\/wp\/v2\/pages\/916","targetHints":{"allow":["GET"]}}],"collection":[{"href":"https:\/\/museum.pctu.com.vn\/index.php\/wp-json\/wp\/v2\/pages"}],"about":[{"href":"https:\/\/museum.pctu.com.vn\/index.php\/wp-json\/wp\/v2\/types\/page"}],"author":[{"embeddable":true,"href":"https:\/\/museum.pctu.com.vn\/index.php\/wp-json\/wp\/v2\/users\/1"}],"replies":[{"embeddable":true,"href":"https:\/\/museum.pctu.com.vn\/index.php\/wp-json\/wp\/v2\/comments?post=916"}],"version-history":[{"count":12,"href":"https:\/\/museum.pctu.com.vn\/index.php\/wp-json\/wp\/v2\/pages\/916\/revisions"}],"predecessor-version":[{"id":2302,"href":"https:\/\/museum.pctu.com.vn\/index.php\/wp-json\/wp\/v2\/pages\/916\/revisions\/2302"}],"wp:featuredmedia":[{"embeddable":true,"href":"https:\/\/museum.pctu.com.vn\/index.php\/wp-json\/wp\/v2\/media\/1081"}],"wp:attachment":[{"href":"https:\/\/museum.pctu.com.vn\/index.php\/wp-json\/wp\/v2\/media?parent=916"}],"curies":[{"name":"wp","href":"https:\/\/api.w.org\/{rel}","templated":true}]}}